Dec 02 16:19:40.041 INFO testing snooze-rs-0.0.3 against master#8940af3cea4a9a9deabcaf843b2f8cad9a83fc61 for beta-1.31-5
Dec 02 16:19:40.041 INFO running `"docker" "create" "-v" "/mnt/big/crater/work/local/target-dirs/beta-1.31-5/worker-3/master#8940af3cea4a9a9deabcaf843b2f8cad9a83fc61:/target:rw,Z" "-v" "/mnt/big/crater/work/local/test-source/worker-3/beta-1.31-5/master#8940af3cea4a9a9deabcaf843b2f8cad9a83fc61:/source:ro,Z" "-v" "/mnt/big/crater/work/local/cargo-home:/cargo-home:ro,Z" "-v" "/mnt/big/crater/work/local/rustup-home:/rustup-home:ro,Z" "-e" "USER_ID=1000" "-e" "SOURCE_DIR=/source" "-e" "USER_ID=1000" "-e" "CMD=cargo +8940af3cea4a9a9deabcaf843b2f8cad9a83fc61-alt build --frozen" "-e" "CARGO_TARGET_DIR=/target" "-e" "CARGO_INCREMENTAL=0" "-e" "RUST_BACKTRACE=full" "-e" "RUSTFLAGS=--cap-lints=warn" "-e" "CARGO_HOME=/cargo-home" "-e" "RUSTUP_HOME=/rustup-home" "-m" "1536M" "--network" "none" "crater"`
Dec 02 16:19:40.491 INFO [stdout] 7b0f59eda07bbb81b2ef7118d960a6239b0b3471bdc6c892e5a1a57f0c3fe8d7
Dec 02 16:19:40.496 INFO running `"docker" "start" "-a" "7b0f59eda07bbb81b2ef7118d960a6239b0b3471bdc6c892e5a1a57f0c3fe8d7"`
Dec 02 16:19:41.491 INFO [stderr] usermod: no changes
Dec 02 16:19:41.547 INFO [stderr]    Compiling snooze-rs v0.0.3 (/source)
Dec 02 16:19:42.423 INFO [stderr]     Finished dev [unoptimized + debuginfo] target(s) in 0.91s
Dec 02 16:19:42.426 INFO [stderr] su: No module specific data is present
Dec 02 16:19:43.191 INFO running `"docker" "inspect" "7b0f59eda07bbb81b2ef7118d960a6239b0b3471bdc6c892e5a1a57f0c3fe8d7"`
Dec 02 16:19:43.474 INFO running `"docker" "rm" "-f" "7b0f59eda07bbb81b2ef7118d960a6239b0b3471bdc6c892e5a1a57f0c3fe8d7"`
Dec 02 16:19:43.767 INFO [stdout] 7b0f59eda07bbb81b2ef7118d960a6239b0b3471bdc6c892e5a1a57f0c3fe8d7
Dec 02 16:19:43.775 INFO running `"docker" "create" "-v" "/mnt/big/crater/work/local/target-dirs/beta-1.31-5/worker-3/master#8940af3cea4a9a9deabcaf843b2f8cad9a83fc61:/target:rw,Z" "-v" "/mnt/big/crater/work/local/test-source/worker-3/beta-1.31-5/master#8940af3cea4a9a9deabcaf843b2f8cad9a83fc61:/source:ro,Z" "-v" "/mnt/big/crater/work/local/cargo-home:/cargo-home:ro,Z" "-v" "/mnt/big/crater/work/local/rustup-home:/rustup-home:ro,Z" "-e" "USER_ID=1000" "-e" "SOURCE_DIR=/source" "-e" "USER_ID=1000" "-e" "CMD=cargo +8940af3cea4a9a9deabcaf843b2f8cad9a83fc61-alt test --frozen --no-run" "-e" "CARGO_TARGET_DIR=/target" "-e" "CARGO_INCREMENTAL=0" "-e" "RUST_BACKTRACE=full" "-e" "RUSTFLAGS=--cap-lints=warn" "-e" "CARGO_HOME=/cargo-home" "-e" "RUSTUP_HOME=/rustup-home" "-m" "1536M" "--network" "none" "crater"`
Dec 02 16:19:44.259 INFO [stdout] 879f9adfa65c2544d4dbd4ceb902d7f1749d7f349fd6ee3e5baa7db873daa950
Dec 02 16:19:44.263 INFO running `"docker" "start" "-a" "879f9adfa65c2544d4dbd4ceb902d7f1749d7f349fd6ee3e5baa7db873daa950"`
Dec 02 16:19:45.115 INFO [stderr] usermod: no changes
Dec 02 16:19:45.152 INFO [stderr]    Compiling snooze-rs v0.0.3 (/source)
Dec 02 16:19:46.504 INFO [stderr]     Finished dev [unoptimized + debuginfo] target(s) in 1.36s
Dec 02 16:19:46.507 INFO [stderr] su: No module specific data is present
Dec 02 16:19:46.897 INFO running `"docker" "inspect" "879f9adfa65c2544d4dbd4ceb902d7f1749d7f349fd6ee3e5baa7db873daa950"`
Dec 02 16:19:47.008 INFO running `"docker" "rm" "-f" "879f9adfa65c2544d4dbd4ceb902d7f1749d7f349fd6ee3e5baa7db873daa950"`
Dec 02 16:19:47.084 INFO [stdout] 879f9adfa65c2544d4dbd4ceb902d7f1749d7f349fd6ee3e5baa7db873daa950
Dec 02 16:19:47.089 INFO running `"docker" "create" "-v" "/mnt/big/crater/work/local/target-dirs/beta-1.31-5/worker-3/master#8940af3cea4a9a9deabcaf843b2f8cad9a83fc61:/target:rw,Z" "-v" "/mnt/big/crater/work/local/test-source/worker-3/beta-1.31-5/master#8940af3cea4a9a9deabcaf843b2f8cad9a83fc61:/source:ro,Z" "-v" "/mnt/big/crater/work/local/cargo-home:/cargo-home:ro,Z" "-v" "/mnt/big/crater/work/local/rustup-home:/rustup-home:ro,Z" "-e" "USER_ID=1000" "-e" "SOURCE_DIR=/source" "-e" "USER_ID=1000" "-e" "CMD=cargo +8940af3cea4a9a9deabcaf843b2f8cad9a83fc61-alt test --frozen" "-e" "CARGO_TARGET_DIR=/target" "-e" "CARGO_INCREMENTAL=0" "-e" "RUST_BACKTRACE=full" "-e" "RUSTFLAGS=--cap-lints=warn" "-e" "CARGO_HOME=/cargo-home" "-e" "RUSTUP_HOME=/rustup-home" "-m" "1536M" "--network" "none" "crater"`
Dec 02 16:19:47.279 INFO [stdout] a09d1b5b93033f238a6588a542c08c02d354c7a13cf60a0d7a9d3a2aef28f1ef
Dec 02 16:19:47.284 INFO running `"docker" "start" "-a" "a09d1b5b93033f238a6588a542c08c02d354c7a13cf60a0d7a9d3a2aef28f1ef"`
Dec 02 16:19:48.518 INFO [stderr] usermod: no changes
Dec 02 16:19:48.575 INFO [stderr]     Finished dev [unoptimized + debuginfo] target(s) in 0.02s
Dec 02 16:19:48.599 INFO [stderr]      Running /target/debug/deps/snooze-7d5920964a2023b6
Dec 02 16:19:48.601 INFO [stdout] 
Dec 02 16:19:48.601 INFO [stdout] running 4 tests
Dec 02 16:19:48.603 INFO [stdout] test tests::test_average_error_100us ... ok
Dec 02 16:19:48.660 INFO [stdout] test tests::test_average_error_1ms ... FAILED
Dec 02 16:19:48.763 INFO [stdout] test tests::test_average_error_10ms ... ok
Dec 02 16:19:50.208 INFO [stdout] test tests::test_average_error_100ms ... ok
Dec 02 16:19:50.208 INFO [stdout] 
Dec 02 16:19:50.208 INFO [stdout] failures:
Dec 02 16:19:50.208 INFO [stdout] 
Dec 02 16:19:50.208 INFO [stdout] ---- tests::test_average_error_1ms stdout ----
Dec 02 16:19:50.208 INFO [stdout] thread 'tests::test_average_error_1ms' panicked at 'error(PT0.001446783S) < max_error(PT0.001S)', src/tests.rs:28:5
Dec 02 16:19:50.208 INFO [stdout] stack backtrace:
Dec 02 16:19:50.208 INFO [stdout]    0:     0x56475654a4ff - std::sys::unix::backtrace::tracing::imp::unwind_backtrace::h3a8b83e1922cbdde
Dec 02 16:19:50.208 INFO [stdout]                                at libstd/sys/unix/backtrace/tracing/gcc_s.rs:49
Dec 02 16:19:50.208 INFO [stdout]    1:     0x564756553547 - std::sys_common::backtrace::print::h00d3155a29b4020f
Dec 02 16:19:50.208 INFO [stdout]                                at libstd/sys_common/backtrace.rs:71
Dec 02 16:19:50.208 INFO [stdout]                                at libstd/sys_common/backtrace.rs:59
Dec 02 16:19:50.208 INFO [stdout]    2:     0x56475654e22f - std::panicking::default_hook::{{closure}}::hd7465c742e79e1bb
Dec 02 16:19:50.208 INFO [stdout]                                at libstd/panicking.rs:211
Dec 02 16:19:50.208 INFO [stdout]    3:     0x56475654df2e - std::panicking::default_hook::h9e3966f2aa2a6e12
Dec 02 16:19:50.208 INFO [stdout]                                at libstd/panicking.rs:221
Dec 02 16:19:50.208 INFO [stdout]    4:     0x56475654e90e - std::panicking::rust_panic_with_hook::h587f091ae747d080
Dec 02 16:19:50.208 INFO [stdout]                                at libstd/panicking.rs:476
Dec 02 16:19:50.208 INFO [stdout]    5:     0x56475654e4b1 - std::panicking::continue_panic_fmt::hb3a4fdede87f43a8
Dec 02 16:19:50.208 INFO [stdout]                                at libstd/panicking.rs:390
Dec 02 16:19:50.208 INFO [stdout]    6:     0x56475654e3fe - std::panicking::begin_panic_fmt::h387afc7da9a10555
Dec 02 16:19:50.208 INFO [stdout]                                at libstd/panicking.rs:345
Dec 02 16:19:50.208 INFO [stdout]    7:     0x5647564f5db5 - snooze::tests::test_average_error::h76fc16a03845e12c
Dec 02 16:19:50.208 INFO [stdout]                                at src/tests.rs:28
Dec 02 16:19:50.208 INFO [stdout]    8:     0x5647564f5e56 - snooze::tests::test_average_error_1ms::h014b6deca258f2f9
Dec 02 16:19:50.208 INFO [stdout]                                at src/tests.rs:36
Dec 02 16:19:50.208 INFO [stdout]    9:     0x5647564f5e19 - snooze::tests::test_average_error_1ms::{{closure}}::h1c861386a84907bb
Dec 02 16:19:50.208 INFO [stdout]                                at src/tests.rs:35
Dec 02 16:19:50.208 INFO [stdout]   10:     0x5647564f3c6d - core::ops::function::FnOnce::call_once::h12563afd5405f5ff
Dec 02 16:19:50.208 INFO [stdout]                                at libcore/ops/function.rs:238
Dec 02 16:19:50.208 INFO [stdout]   11:     0x5647564f896e - <F as alloc::boxed::FnBox<A>>::call_box::hac903f91577a156c
Dec 02 16:19:50.208 INFO [stdout]                                at libtest/lib.rs:1468
Dec 02 16:19:50.209 INFO [stdout]                                at libcore/ops/function.rs:238
Dec 02 16:19:50.209 INFO [stdout]                                at liballoc/boxed.rs:672
Dec 02 16:19:50.209 INFO [stdout]   12:     0x56475655e4f9 - __rust_maybe_catch_panic
Dec 02 16:19:50.209 INFO [stdout]                                at libpanic_unwind/lib.rs:102
Dec 02 16:19:50.209 INFO [stdout]   13:     0x56475651a5c2 - std::sys_common::backtrace::__rust_begin_short_backtrace::hb8f0d0309526c184
Dec 02 16:19:50.209 INFO [stdout]                                at libstd/panicking.rs:289
Dec 02 16:19:50.209 INFO [stdout]                                at libstd/panic.rs:392
Dec 02 16:19:50.209 INFO [stdout]                                at libtest/lib.rs:1423
Dec 02 16:19:50.209 INFO [stdout]                                at libstd/sys_common/backtrace.rs:136
Dec 02 16:19:50.209 INFO [stdout]   14:     0x56475651b074 - std::panicking::try::do_call::hc2f7c8b9a348d8db
Dec 02 16:19:50.209 INFO [stdout]                                at libstd/thread/mod.rs:409
Dec 02 16:19:50.209 INFO [stdout]                                at libstd/panic.rs:313
Dec 02 16:19:50.209 INFO [stdout]                                at libstd/panicking.rs:310
Dec 02 16:19:50.209 INFO [stdout]   15:     0x56475655e4f9 - __rust_maybe_catch_panic
Dec 02 16:19:50.209 INFO [stdout]                                at libpanic_unwind/lib.rs:102
Dec 02 16:19:50.209 INFO [stdout]   16:     0x5647565082ac - <F as alloc::boxed::FnBox<A>>::call_box::h6bfded618e480b32
Dec 02 16:19:50.209 INFO [stdout]                                at libstd/panicking.rs:289
Dec 02 16:19:50.209 INFO [stdout]                                at libstd/panic.rs:392
Dec 02 16:19:50.209 INFO [stdout]                                at libstd/thread/mod.rs:408
Dec 02 16:19:50.209 INFO [stdout]                                at liballoc/boxed.rs:672
Dec 02 16:19:50.209 INFO [stdout]   17:     0x56475654c11d - std::sys_common::thread::start_thread::h4c28257d67cdf9cb
Dec 02 16:19:50.209 INFO [stdout]                                at liballoc/boxed.rs:682
Dec 02 16:19:50.209 INFO [stdout]                                at libstd/sys_common/thread.rs:24
Dec 02 16:19:50.209 INFO [stdout]   18:     0x564756541635 - std::sys::unix::thread::Thread::new::thread_start::hfecb2e7eff8fd34f
Dec 02 16:19:50.209 INFO [stdout]                                at libstd/sys/unix/thread.rs:90
Dec 02 16:19:50.209 INFO [stdout]   19:     0x7f056423a6b9 - start_thread
Dec 02 16:19:50.209 INFO [stdout]   20:     0x7f0564a6441c - clone
Dec 02 16:19:50.209 INFO [stdout]   21:                0x0 - <unknown>
Dec 02 16:19:50.209 INFO [stdout] 
Dec 02 16:19:50.209 INFO [stdout] 
Dec 02 16:19:50.209 INFO [stdout] failures:
Dec 02 16:19:50.209 INFO [stdout]     tests::test_average_error_1ms
Dec 02 16:19:50.209 INFO [stdout] 
Dec 02 16:19:50.209 INFO [stdout] test result: FAILED. 3 passed; 1 failed; 0 ignored; 0 measured; 0 filtered out
Dec 02 16:19:50.209 INFO [stdout] 
Dec 02 16:19:50.209 INFO [stderr] error: test failed, to rerun pass '--lib'
Dec 02 16:19:50.209 INFO [stderr] su: No module specific data is present
Dec 02 16:19:50.907 INFO running `"docker" "inspect" "a09d1b5b93033f238a6588a542c08c02d354c7a13cf60a0d7a9d3a2aef28f1ef"`
Dec 02 16:19:51.171 INFO running `"docker" "rm" "-f" "a09d1b5b93033f238a6588a542c08c02d354c7a13cf60a0d7a9d3a2aef28f1ef"`
Dec 02 16:19:51.446 INFO [stdout] a09d1b5b93033f238a6588a542c08c02d354c7a13cf60a0d7a9d3a2aef28f1ef
